58) - (2 - (1 + -12)) - 12.
-19
Evaluate 13 + (-31 - (13 + -77 + 22)).
24
What is -6 + 2 + -10 + -1 + 7 - (8 - -55)?
-71
Calculate 8 - ((-1 - (-17 + 25)) + (-3 - (1 + -5))).
16
What is the value of (22 - 19) + 58 + -116?
-55
Calculate -39 - (13 + 5 + 13 + -5 + -13).
-52
86 + (40 - (75 + -19))
70
What is -16 - (-1 + -12 - (-326 - -331)) - -39?
41
What is the value of -7 - ((-88 - -167) + -4)?
-82
-16 + 1 - (-55 - -29) - 23
-12
Calculate (-1 - 12) + (-19 - -87) + -15 + 15.
55
What is the value of -67 - (2 - -3 - (-12 + 16)) - -12?
-56
Calculate 0 + -2 + 42 + (64 - 24 - (155 + -118)).
43
What is the value of 4 + -7 + 20 + 2 + 18 + -23?
14
What is the value of (13 - (-21 - -10)) + (-143 - -118)?
-1
What is the value of 31 - ((-1 - 10 - (-4 + 3)) + -175 + 186)?
30
What is -4 + (-3 + (-16 - -29) + (-2 - 1) - 18)?
-15
What is 62 - (-2 + (1 - -18) + 10)?
35
Calculate 23 + 49 - 7 - (-6 + 11).
60
Calculate (16 + -27 - -18) + (17 - -3).
27
What is the value of 17 - (-40 + 31 + -15 + 32)?
9
What is the value of 6 - (-2 + -64) - 4 - (-150 - -150)?
68
(-66 - (6 + -29) - 1) + 6 + 1
-37
Evaluate 28 + 19 + -20 - (-19 - -15).
31
What is the value of 13 - 39 - -18 - 1?
-9
-2028 + 2032 - (3 + (5 - 4) + 33)
-33
(-53 - -126 - 4) + -115
-46
Evaluate -19 + 58 + -3 + -46.
-10
Calculate 8 + -14 + 5 - (5 - -6).
-12
(8 - 29) + (-29 + 22 - -17 - 17)
-28
3 - ((7 - (-15 - -11)) + (-1 - -8)) - 6
-21
What is the value of 66 + -34 + -78 - -18?
-28
What is -69 - (-23 - (4 - -39))?
-3
What is the value of (-52 - -16) + -3 - ((8 - 0) + -7)?
-40
What is the value of (29 - -2) + (-99 - -20)?
-48
What is -6 + 4 - -3 - (-65 + -123 - -53)?
136
Calculate (0 - (-5 + (-19 - -8))) + -17.
-1
What is -19 - (65 - (120 - 50))?
-14
What is 0 + (38 - 24) - (-3 + -11)?
28
Evaluate (37 - 2) + -6 + 8 + (-36 - -38).
39
Evaluate (1601 - 1511) + 2 + -42.
50
What is (3 - (2 + 2)) + (-83 - -144 - 53)?
7
-7 + 8 + (23 + (-11 - 13) - -101)
101
What is the value of (-1 + -4 - -7) + 38 + -35?
5
Calculate (-1 + -10 - 2) + (16 - 11 - 31) + 13.
-26
What is the value of (88 + -33 - 33) + 3 + 3?
28
Evaluate (41 - 27) + (3 - 8 - (1 + 0)).
8
What is -96 - (-16 + -79) - (0 - 61)?
60
What is 2 - -3 - (-2 - (9 - (-2 + (73 - 4))))?
-51
Calculate (44 - 22) + (-1 - -5 - (-41 - -58)).
9
What is -14 + 5 + 22 + (-11 - (12 - 16)) + -90?
-84
What is the value of (-6 - -22) + (7 + -36 - 29)?
-42
What is the value of -67 + 30 + 48 - (-73 + (5 - 6))?
85
Calculate 9 - ((-6 - -1) + -22 + 16 + -8 + -10).
38
What is the value of -62 + 11 + -129 + 158?
-22
What is (48 - -116) + -91 + -102?
-29
(-3 - -3) + -9 - (-102 + 62 + 40)
-9
30 - ((-108 - -102 - (3 + 1)) + 8)
32
What is the value of -2 + -64 - (-38 + 35) - (-6 - 0 - 4)?
-53
Calculate -64 - (0 - (52 - -1) - -36).
-47
-273 + 216 + 4 + -12 + 12
-53
Evaluate (18 - (-5 - (-17 - 4))) + (-20 - -4 - 0).
-14
What is -14 + 2 - ((3 - 4) + -2) - (-1562 - -1603)?
-50
54 + 54 + -86 + 20
42
What is -692 + 594 + 142 + 1?
45
Calculate -1 - (3 - 2) - -14 - (13 - -1).
-2
What is -10 - ((-7 - (-1 - (-19 - -12))) + -111 + -19)?
133
What is the value of 149 + -202 - (1 - 7 - 3 - -3)?
-47
(0 - (-26 - -8) - 31) + 55
42
Calculate (9 + -1 - (26 + (-27 - -1))) + -8 + 41.
41
Calculate -52 + -7 + 84 + 71 + -1.
95
22 - ((-15 - (4 - (-6 + 0) - 18)) + 2)
27
What is -12 + -1 - (41 + (-10 - 27)) - 62?
-79
What is -3 + 75 + (20 - (16 - (10 + -19)))?
67
Calculate 45 - (0 + 24 - (56 - 113 - -76)).
40
Calculate 25 + (48 - 228 - (-2 - 2 - 19)).
-132
What is 28 + -17 - 17 - (15 + (4 - 3))?
-22
Calculate (-18 - -39 - 26) + 14 + 2.
11
Evaluate ((-3 - (2 + -15)) + (94 - 1) - 9) + 2.
96
Calculate -16 + (-43 - -58 - 65) - 48.
-114
What is 18 - (10 - (24 + 1 + -11))?
22
What is (7 - (-53 + 86)) + (2 + 0 - -11)?
-13
Evaluate 7 + -206 + 202 + (2 - (2 + 1)) + -5.
-3
14 - ((-2 + (2 - -5) - -3) + -5)
11
What is the value of 57 + (1078 - 1059 - (0 - -21))?
55
Evaluate 40 + -45 - 6 - -29.
18
What is the value of (-6 - (90 + 45 + 2)) + 40?
-103
29 + (5 - (124 + -49))
-41
Evaluate 20 + 14 + -9 + -22 - 23 - 14.
-34
-131 - (81 + -47 - (-13 - -83))
-95
Evaluate -24 - (-3 + -13 + -45 + 55).
-18
Evaluate -5 + 2 + -17 + 13.
-7
10 - (3 + (4 + -6 + -3 - -2) - 2)
12
Evaluate -3 + 5 + (-6 + -2 - 28).
-34
What is the value of -110 - (-68 - -92 - 155)?
21
Calculate (-9235 - -9277) + 1 + -32.
11
Calculate 7 + -4 + -15 + 5 + 74 - 12.
55
Evaluate -3575 - -3591 - (-8 - -1).
23
What is (-11 - (-12 - (-7 + 9))) + -1 + -31?
-29
Evaluate -73 + -101 + 210 - (0 - -32).
4
-693 + 714 - (4 - (-4 + 1))
14
Evaluate 1 + (-3 - -2) + -11 + (-80 - -73).
-18
What is the value of (-2 - -1 - 8) + (29 - (-9 + 4 + 32))?
-7
What is the value of -1 - 56 - (5104 + -5191)?
30
-8 - 2 - ((586 - 540) + (1 - 54))
-3
Evaluate 10 - (405 - 405 - (-29 + 1)).
-18
What is the value of -14 + (-32 - (1 + 9 + (-1 - 0)))?
-55
Evaluate -45 + -3 + (3 - 2) + (-550 - -541).
-56
Calculate (4 - -1 - (26 - 36)) + 3.
18
Evaluate 35 + 1 - 83 - (-4 + 2 - 13).
-32
What is 53 - (-2 + -2 - -3 - (15 + -46 + 39))?
62
Evaluate (-21 - 21 - 74) + 219.
103
Evaluate 43 + -4 - (109 + -93).
23
Calculate -8 + 0 + 1 + 8763 + -8803.
-47
What is the value of -2 + (-26 - -24) + 19 + 17?
32
Evaluate 53 - (10 - (29 - 81)).
-9
What is 85 - 0 - (7763 + -7738)?
60
Evaluate -43 - (8 + -35 + 18 + -2).
-32
(-37 - -26) + 16 - 0
5
-15 - ((1 - 4) + (230 - 269))
27
What is (-57 - (41 - 77)) + 10 + 19?
8
(4 - (-73 - -1)) + (463 - 488)
51
72 - (-3 - (-72 - -30))
33
Calculate 66 + (16 - 2) + 21 + -35 + 1 + 1.
68
What is (-5 - -1) + -16 + -280 + 286?
-14
-5 + -1 + -8 + 5 + (7 - 11 - -73)
60
What is the value of 63 + 9 + -18 + 8 + -9?
53
Calculate 6 - (11 - 18) - 22.
-9
What is the value of 3 + -117 - (3 + -2 - (42 - 48)) - -9?
-112
Calculate 28 - (249 + -110 - -12).
-123
What is the value of 11 - ((-11 + 3 - -1) + -4 + (-1 - 1))?
24
What is the value of -46 - (29 - (111 - -31))?
67
What is -5 + -1 - ((12 - 1) + (-104 - -105))?
-18
What is -7 + 40 + 59 + -35 - -24?
81
-35 + (-5 - (-11 + -4 + (-12 - -29)))
-42
19 + 15 + (-113 - -13) + (1 - 26)
-91
What is the value of 20 - -23 - 32 - 11?
0
6 + 6 + (-14 - (-12 + 21)) - -2
-9
Calculate -45 - (54 + (-121 - -56)).
-34
What is the value of 40 - (66 + -39 - 40)?
53
What is the value of (-18 - (-6 + -4) - (17 - (0 - -7))) + -8?
-26
Evaluate 13 + (5 - 1) + -12 + 21.
26
Calculate 90 - (17 + 0 + 102 + -131 + 3).
99
What is the value of -25 + (3 - 24) + 59?
13
What is the value of -7 + 37 + (12 - 35) + (1 + 0 - -3)?
11
What is 57 + (-10 - 9) + -30 - -41?
49
Calculate (-1210 - -1252) + 9 + (-1 - 0 - (6 - 5)).
49
What is 0 + 64 - (334 - 235)?
-35
What is the value of (84 - 5) + 28 + -30 + 2?
79
1 + -4 + (16 - 1) + -397 + 427
42
Calculate 52 + -69 + -23 + 47.
7
Evaluate (-16 - 2 - -9) + 22 - (2 - -14).
-3
What is -12 - ((11 - 1 - (28 + -21)) + (-96 - -3))?
78
What is the value of -31 + 14 + 14 + (-6 - -3) + -5?
-11
What is -2 - (-3 + 5 - (3 + 1 - 43))?
-43
(4 - (76 + -29)) + 26
-17
Evaluate 92 + -86 + (-1 - 4 - (7 - -12)).
-18
-8 - (-20 + -1) - (-6 + 1 - 8)
26
What is -20 + (35 - (47 - -12))?
-44
What is -21 + -1 + -1131 + 1159?
6
Calculate 28 + 1 + 5 - (-49 + (71 - 30)).
42
Calculate -21 - (1 - 5) - (-19 + -47 - -49).
0
What is 12 + -126 + 34 + 72 + -29?
-37
Calculate -51 - (-44 - (2 - 28)).
-33
Calculate -3 + -21 - (-670 - -734).
-88
Evaluate -35 + 14 - 3 - 3 - 29.
-56
What is the value of 99 - (75 + 83 + -3)?
-56
(1 - -64) + (177 + 160 - 326)
76
15960 + -15900 - (1 + 16)
43
Calculate 3 + (167 - 185 - (2 + -3 + 0)).
-14
-11 + 19 - (-722 + 768)
-38
Evaluate 4 + -2 + 1 + -29 - (184 + -49 + -146).
-15
What is the value of 10 + -5 + (0 - -9) + (304 - 290)?
28
Calculate 11 + (17 + 79 + -32 - (-2 + -2)).
79
(97 - 232) + 130 + (-1 - -37)
31
Calculate -2 - (4 + (-2 - -1) - (259 - 251)) - -27.
30
Calculate (-25 - -6) + 35 + 18 + -8 + -8.
18
What is 6 + -22 - (25 - 26) - -59?
44
Evaluate -18 - (-73 - -19) - (13 - -104).
-81
What is the value of (-6 - (-10 + -18)) + -56 + 144?
110
What is the value of 174 - 118 - (-9 - -29)?
36
What is 10 + (1 - 3) + -57 + 14 + -14?
-49
Evaluate 12 + -10 + (-2 - -10 - 2) + -1 + -94.
-87
Evaluate -5366 - -5255 - (0 - 27).
-84
Calculate 14 - -2 - (18 - (-65 + 25)).
-42
What is 13 + -3 + 1 + (26 - (-26 - (-141 - 4)))?
-82
3 + -7 - (238 + -217) - 21
-46
What is the v